 172 + 34, -4*u + 184 = 5*b. Suppose 0 = -u*m + 34*m + 10224. What is the units digit of m?
2
What is the hundreds digit of ((-20)/10 + 18480)*(-8)/(-16)?
2
Let c(h) = h**3 - 3*h**2 - 4*h + 22977. What is the hundreds digit of c(0)?
9
Suppose -45*q - 4 = -47*q. Suppose -q*j = 2*k - 1776, 3*k + 3*j = 2*j + 2658. Suppose 5*z = k - 175. What is the units digit of z?
2
Let h be 16 + -13 + (-1)/(2/(-8)). Suppose -h*s = -356 - 232. What is the units digit of s?
4
Suppose 3*o = 4*x + 127229, -32483 + 244592 = 5*o + 2*x. What is the thousands digit of o?
2
Let a(r) = 629*r - 190. Let c be a(4). Suppose -c - 774 = -2*g - 3*z, g - 5*z = 1576. What is the hundreds digit of g?
5
Let m be (4/12 + -1)/((-2)/6). Let c be m + 2 - (-11 + 11). What is the units digit of c/(-6) - (-64)/6?
0
Suppose 153180 = 41*t - 250670. What is the hundreds digit of t?
8
Let r be 10 + (-11)/11 + (1 - 1). Let o = 9 - r. Suppose 169 = 3*z + 4*k, o*z + 58 = z + 3*k. What is the tens digit of z?
5
Let s(v) = -v**3 - v**2 - v + 2. Let j be s(0). Suppose -j*d = -1182 + 30. What is the hundreds digit of d?
5
Suppose 0 = -6*r - 3*v + 51921, 2*v - 3531 = -r + 5115. What is the tens digit of r?
5
Suppose 29*u - 6*u - 42090 = 0. Suppose 5*s = 5*t + u, s - 71 = 5*t + 275. What is the hundreds digit of s?
3
Let b = 663 + -241. Let g = 805 - b. What is the units digit of g?
3
Let o = -1260 - -2250. Suppose 7*i - o = 4*i. Suppose -4*d - 50 = -i. What is the units digit of d?
0
Suppose -h = -5*m + 6288, -m - m + 3*h + 2510 = 0. What is the units digit of m/10*(1 - 6)*-1?
9
Suppose 32*m + 32559 = 222383. What is the thousands digit of m?
5
What is the tens digit of ((-966138)/15)/(-2) + 24/60?
0
Let d(p) = 9*p**3 - p**2 + p + 2. Suppose 4*w + 12 = -4*h, -4*h + 3*w = -h + 3. Let v be d(h). Let s = 45 - v. What is the units digit of s?
1
Suppose -2*v = -4*k + 21968, 31*k + 5*v - 32968 = 25*k. What is the tens digit of k?
9
Suppose 13 - 30 = -2*k + h, 3*h + 19 = 2*k. Let b(l) = 17*l**2 + 10*l - 53. What is the tens digit of b(k)?
1
Suppose 0 = 5*l - u - 9, -5*u + 11 + 0 = 3*l. Suppose -5*y + q - 3*q = -1498, y - 302 = l*q. What is the hundreds digit of y?
3
Suppose 0 = -2*p - 4, 6*t - 3*p = 2*t - 366. Let m = t + 64. Let w = 44 + m. What is the units digit of w?
5
What is the tens digit of (-27)/(-54) - 69765/(-10)?
7
Suppose -h - 654 = -3*k, 63 = 3*k + 3*h - 591. Suppose -2*o = k - 28. Let z = o - -277. What is the hundreds digit of z?
1
Let i(g) = -2*g**3 + 18*g**2 - 26*g - 48. What is the units digit of i(-14)?
2
Let f(o) = 18*o + 1481. What is the units digit of f(-11)?
3
Let y(g) = 2*g**3 - 11*g**2 - 14*g + 2. Let r(c) = c**2 + 15*c + 8. Let a be r(-15). What is the hundreds digit of y(a)?
2
Suppose -246908 - 142792 = -12*f. What is the units digit of f?
5
Let o = 85 - -34. What is the tens digit of (-806)/(-14) + 51/o?
5
Let a(h) = -204*h**3 - 2*h**2 - 4*h - 2. Let s be a(-1). Let l = s + 167. What is the hundreds digit of l?
3
What is the tens digit of 14/91 - (-3)/((-156)/(-1864))?
3
What is the hundreds digit of 612 + -125 + -6 + 2?
4
Suppose 0*x = 2*x - 48. Let z be (3*x/(-45))/((-2)/5). What is the hundreds digit of 1*-5 + 452/z?
1
What is the units digit of 12/(-2) - 61632/(-29 + 17)?
0
What is the ten thousands digit of (-5)/70 + (12 - 19 - 504491/(-14))?
3
Let a be 1 + (-3 - -2) - -5. Let h(c) = c**3 + 6*c**2 + 8*c + 13. What is the hundreds digit of h(a)?
3
Let u(h) = -h**3 - 23*h**2 - 78*h - 16. What is the thousands digit of u(-25)?
3
Let n = 44789 + -31364. What is the units digit of n?
5
Suppose 5*o + 12776 = 57151. What is the tens digit of o?
7
Let i(g) = 37*g + 5. Let h be i(5). Let m(a) = -5*a - 8. Let y be m(14). Let j = h + y. What is the units digit of j?
2
Let q(l) = -17*l + 51. Suppose 7 = w + 6*c - 11*c, -5*c - 15 = 0. What is the hundreds digit of q(w)?
1
What is the hundreds digit of 1389/(-1852) + -15*389*1/(-4)?
4
Suppose -174*n - 1117605 = -5509887. What is the tens digit of n?
4
Suppose 163*y - 159*y - 11324 = -4*h, 0 = 3*y + h - 8493. What is the hundreds digit of y?
8
Let x = -1400 + 593. Let p = -99 - x. What is the hundreds digit of p?
7
What is the units digit of 416/10*(-3475)/(-278)?
0
Suppose 17225 = 6*m + 7*m. Suppose 5*h = u + m, h - 265 = -3*u - 2*u. What is the units digit of h?
5
Let i(m) = -13*m + 28. Let u(n) = 24*n - 55. Let y(g) = -13*i(g) - 6*u(g). What is the hundreds digit of y(30)?
7
Suppose 163*t - 25*t - 6846535 - 84929 = 0. What is the thousands digit of t?
0
What is the ten thousands digit of -4 + (-4 - (-170)/30)*41559?
6
Suppose 4*b - 8 - 4 = n, 3*b - 24 = -3*n. Suppose 0 = 3*l - 5*l + 10, -4*p + 5488 = n*l. What is the hundreds digit of p?
3
Suppose f - 1 - 2 = 0, 0 = 4*k + 4*f - 160. Suppose 5*t - 112 + k = 0. What is the tens digit of 0 + 1 - (-525)/t?
3
Let m(p) = -50*p**3 + 20*p**2 + 39*p - 18. What is the ten thousands digit of m(-9)?
3
Let w be (-18)/27 - 76/(-6). Let x be 1 + 2 - 2680/w*-3. Suppose 38 = 2*z + 4*l - 396, 0 = 3*z - 5*l - x. What is the tens digit of z?
2
Let b = 7514 - 4700. Suppose 2*g - 2*r = 1126, -4*g - 4*r = -9*g + b. What is the tens digit of g?
6
Suppose -3*f - 5*w + 148 = 0, -4*w = -f - 5*w + 50. Suppose f = i - 31. Suppose -3*b + x + i = 0, -3*b + 0*b + 72 = -3*x. What is the tens digit of b?
2
Suppose -3*u + 5*u = 32. Let p = 85 + u. Suppose 23*y - p = 22*y. What is the units digit of y?
1
Let h be -4 + 6 + -5 + 1607. Suppose 0 = 10*m - 6*m + 5*n - 3217, 2*m - h = 2*n. What is the units digit of m?
3
Let w = 12186 + -182. What is the tens digit of w?
0
What is the units digit of (132 + 32)/(10/505)?
2
Suppose 23591 = 10*m - 8009. What is the hundreds digit of m?
1
Suppose -3*z = -b - 10192, -5*b = -0 - 25. What is the tens digit of z?
9
Suppose 16*s = 10*s - 78. What is the tens digit of s/(-3) + -5 + 670/6?
1
What is the units digit of -3 - 45/(-5) - (7 + -17386)?
5
Suppose 3*y = -5*o + 11, -5*y = -3*o + 15 + 12. What is the hundreds digit of (o/(-12))/(16/(-28848))?
6
Let z = 10108 + -383. What is the tens digit of z?
2
Suppose 0*p = -2*p + g + 23, -2*p = -2*g - 26. Let d(s) = 50*s - 22. What is the tens digit of d(p)?
7
Let s be (5/30*-3)/(4/8). Let o(f) = -690*f - 35. What is the tens digit of o(s)?
5
Suppose 0 = 41*g - 8456 - 44229. Suppose -o + 68 + 11 = 0. Suppose -6*q + g = o. What is the units digit of q?
1
Let y be 1858/(-8)*(8 - 16) + -4. What is the hundreds digit of (y/(-24))/((-6)/56)?
7
Let t = 3337 - 318. What is the thousands digit of t?
3
Let s(w) = w**3 + 11*w**2 - 6*w + 14. Let k be s(-12). Let z be 38/(-57) - k/6. Suppose z*h - 16*h = -1057. What is the hundreds digit of h?
1
Suppose -177067 - 1127189 = -33*q + 195198. What is the thousands digit of q?
5
Suppose 3*h - 3*c + 51 = 0, 4*h + 4*c - 8 = -84. Let t(d) = 9*d - 26. Let y be t(h). Let l = -87 - y. What is the units digit of l?
1
Suppose 2*q + 4 = 5*a, a - 2 = 2*q - 3*a. Suppose -4*m + 0*m = -2*n - 4630, 2303 = 2*m + q*n. What is the thousands digit of m?
1
Let y(l) = 18*l**2 + 25*l - 188. Let k(j) = -53*j**2 - 79*j + 564. Let c(g) = -4*k(g) - 11*y(g). What is the tens digit of c(8)?
3
Let q(z) = 1193*z + 2248. What is the units digit of q(27)?
9
Let b(f) = f - 1. Let s(l) = -15*l + 61. Let g(y) = -2*b(y) - s(y). Let w(t) = 8*t**2. Let i be w(1). What is the units digit of g(i)?
5
Let r = 93 - 81. Suppose -32 = -r*m + 11*m. Suppose -m = 4*y - 104. What is the tens digit of y?
1
Let h be -1 + -7 + 5 - (-188 + 0). Suppose -263 = -8*t + h. What is the units digit of t?
6
Suppose 6*d + 4*d - 20 = 0. Suppose 4*a - 11 = -n, -5*a - d = -4*n - 0*n. Suppose -50 = -a*h + 120. What is the tens digit of h?
8
Suppose u + 3*r = -u + 4, -4*u - 5*r = -8. Suppose -a = 2*k + k - 1, -u*k - 4*a + 4 = 0. Suppose 7*s - 1088 - 305 = k. What is the hundreds digit of s?
1
Suppose 58*p - 4*l = 55*p + 152673, p - l = 50891. What is the thousands digit of p?
0
Let k(m) = -8*m + 22. Let n be k(-10). Suppose z = n - 11. Suppose 23 = 6*o - z. What is the tens digit of o?
1
Let u(h) = 99*h**2 + 8*h + 4. Suppose 0 = 13*i - 25*i + 36. What is the tens digit of u(i)?
1
Suppose -2260470 = -113*o + 971104. What is the tens digit of o?
9
Suppose 0 = 6*h + h - 19257. What is the thousands digit of h?
2
Let q be ((-1)/(10/(-56)))/(136/340). Suppose q*h - 165 = 